ctor of x and 16?
16
Let j = -87 - -123. Let p = 13 + -4. What is the highest common divisor of p and j?
9
Suppose -116 = -4*t + n, 2*t + 80 = 4*t + 5*n. Suppose 4*f = j + 295, 0*f - 2*j = f - 85. What is the highest common factor of t and f?
15
Let m be (-100)/(-55) + -2 + (-14328)/(-33). Calculate the greatest common divisor of m and 14.
14
Suppose -3*r - v + 208 = 65, 2*r - 100 = 4*v. Calculate the greatest common divisor of r and 6.
6
Let t(d) = -597*d**3 - 6*d - 5. Let u be t(-1). What is the highest common divisor of u and 26?
26
Let v(g) = g + 21. Let q be v(-9). Calculate the highest common divisor of q and 42.
6
Let g(u) = 50*u + 108. Let j be g(-2). Calculate the greatest common factor of 512 and j.
8
Suppose -2*j + 312 = 240. Calculate the highest common divisor of j and 171.
9
Let h(d) = -d**3 - 5*d**2 + 13*d + 66. Let t be h(-6). Calculate the highest common divisor of t and 12.
12
Let d(v) = -7*v + 4. Let c be -4 - 0/2 - -4. Let i be d(c). Suppose t - 8 = 24. What is the greatest common divisor of i and t?
4
Suppose -31*z + 36*z = -470. Let a = z + 112. What is the greatest common factor of a and 9?
9
Suppose 156*t - 161*t + 60 = 0. What is the highest common divisor of 12 and t?
12
Let b = 2078 - 1218. What is the highest common factor of b and 20?
20
Let s = 216 + -9. Calculate the highest common divisor of s and 23.
23
Let x = -60 - -84. Let u be -18*(1 + -3)*1. What is the greatest common divisor of u and x?
12
Let a = 40 + -28. Let m = -41 + 41. Suppose -3*s + 2*s - b = m, 8 = -2*b. Calculate the greatest common factor of a and s.
4
Suppose 4*r + 257 = k, -2*r - 110 = -k + 21. Let d be (r/(-14))/((-6)/(-8)). Let c be (27/d)/((-3)/(-8)). What is the highest common factor of c and 12?
12
Let u(s) = -24*s - 192. Let f be u(-9). Let v = -5 + 7. Let x = v - -1. What is the highest common factor of f and x?
3
Suppose 0 = 4*o + 34 - 102. Suppose -21*r + o*r = -180. Let n(u) = -u**2 + 6*u + 5. Let y be n(6). What is the highest common factor of r and y?
5
Suppose 0 = -110*k + 107*k + 6, 0 = 5*o + 4*k - 88. Suppose 3*v - d - 482 = 0, -2*v + 2*d + 318 = 3*d. Calculate the greatest common factor of v and o.
16
Let l(a) = a**3 + 13*a**2 - 14*a + 7. Let c be l(-14). Suppose -2*y + c*y = 10. Let i be (6/(-9))/(y/(-144)). What is the highest common factor of 32 and i?
16
Let q be 27 - 0 - (2 + -6). Suppose 0 = -2*v + 113 + q. Calculate the highest common factor of v and 8.
8
Let l = 76 + -52. Let m(a) = 6*a**2 + 4*a - 6. Let z be m(3). What is the greatest common factor of l and z?
12
Suppose -261608 = -177*s + 11680. What is the greatest common factor of 16 and s?
8
Let q be (-4)/(-10 - 7476/(-750)). What is the highest common divisor of 75 and q?
25
Let c = -11 + 14. Suppose i - 5*s - 700 = -4*i, 0 = c*i + s - 436. Calculate the greatest common factor of i and 32.
16
Let c be (-11930)/(-34) + 1 + 90/(-102). What is the highest common factor of c and 13?
13
Let c(r) = r - 7. Let x be c(-6). Let t(o) = o + 13. Let g be t(x). Suppose -q + 2*q - 84 = g. Calculate the highest common divisor of 12 and q.
12
Suppose -220 = 4*q - 2*p, -17 - 3 = 5*p. Let j = q + 92. Calculate the highest common divisor of 245 and j.
35
Suppose 4*a = 8*a - 520. Suppose -p - 9 + 22 = 0. What is the greatest common divisor of p and a?
13
Let h(t) = t**3 + 7*t**2 - 7*t + 5. Let w be h(-8). Let o be (-4 - w)*0 + 4. Suppose -3*s = -o*s + 9. Calculate the greatest common factor of s and 99.
9
Let p be (3/1 - 2) + -7. Let o be p/(-14)*(-7)/(-2)*80. Suppose 3*d + 30 = 5*d. Calculate the greatest common divisor of o and d.
15
Suppose -o = -3*i + 52 + 10, -3*o - 26 = -i. What is the greatest common divisor of i and 170?
10
Let y be (-3)/(-2)*272/24. Let w = y - 14. Let n be 160/(-6)*w/(-2). Calculate the highest common factor of n and 16.
8
Let f be 0*2*(-2)/(-4). Let r be (-18)/(-1) + 2 + f. Suppose 2*y - 105 = -5*z, -9*y + 201 = -5*y + z. Calculate the highest common divisor of y and r.
10
Suppose 21*d - 15*d - 264 = 0. What is the greatest common divisor of d and 11?
11
Let d be 1 - (0 + (-22)/2). Let a(m) = -44*m + 828. Let r be a(18). Calculate the highest common divisor of r and d.
12
Let a(n) = 2*n**2 + 7*n + 4. Let h be a(-6). Suppose 1778 = 28*u - 5*p - 1078, 0 = -p. What is the greatest common divisor of h and u?
34
Suppose 5*d = -b + 47, 0*b = 3*d - 5*b - 17. Suppose 0 = -d*j + 6*j + 42. Suppose -3*k = -k - 140. What is the highest common factor of k and j?
14
Let l = 14 + -18. Let y be 9*l*1/30*-20. Calculate the greatest common factor of 16 and y.
8
Let t(c) = -91*c**2. Let n be t(-1). Let s be 13/(n/12)*-28. Calculate the greatest common divisor of 72 and s.
24
Let c = 32 - 2. Suppose 7*q - 2*q - 2*o = 81, -5*o - 15 = 0. Calculate the highest common divisor of c and q.
15
Suppose j - 83 = k, 5*j + 4*k - 340 = j. What is the greatest common divisor of 644 and j?
28
Let n = -161 + 194. Calculate the highest common divisor of n and 451.
11
Let n(w) = 3*w - 15. Let i be n(7). Let g be (-630)/(-28)*16/i. What is the greatest common factor of 12 and g?
12
Let d be (-236 + -3)*(4 + -9 + -7). What is the greatest common factor of 12 and d?
12
Suppose 5*c + 466 = -j + 1740, -508 = -2*c - 2*j. Calculate the highest common factor of 45 and c.
15
Suppose -27*h + 30 = -26*h. What is the greatest common factor of h and 24?
6
Let m be ((-100)/(-15))/((-155)/(-2418)). What is the greatest common factor of 40 and m?
8
Suppose 0*d + 20 = 4*d. Suppose -5*v + 265 = d*a - 0*v, 0 = 4*a - 4*v - 236. What is the highest common divisor of 7 and a?
7
Let z = 1610 - 914. Calculate the highest common divisor of 24 and z.
24
Let o be 2/(6/3) + 8. Suppose -u - 17 = 4*s, 17 = 5*u - 2*s - 8. Suppose -2*z = -u*z + o. Calculate the highest common divisor of z and 45.
9
Let u(p) = 44*p - 561. Let t be u(18). What is the greatest common factor of 264 and t?
33
Let w(k) = -5*k - 1. Let f be w(-1). Suppose 9*i = 11*i - 4. What is the greatest common divisor of f and i?
2
Suppose 1459 = 76*q - 517. Let y = 52 - 26. Calculate the greatest common divisor of y and q.
26
Let i(l) = l**2 + 9*l + 10. Let f be i(-8). Suppose -f*y = 4, -m + 3*y = m - 38. Suppose h = m + 8. Calculate the highest common divisor of 24 and h.
24
Let z = -129 - -128. Let k be -16*((-1)/z + 14/(-7)). Calculate the highest common factor of k and 32.
16
Let i be (-5)/(-10)*538*-1. Let k = i - -395. Let a be (-9*(3 - 1))/(-1). Calculate the highest common divisor of a and k.
18
Let d be 2 + -1 + 10/((-3)/(-3)). What is the greatest common divisor of d and 517?
11
Let b be 1/(30/(-132))*(-70)/28. Let l(x) = 12*x**2 + 2*x - 2. Let r be l(4). Calculate the highest common divisor of r and b.
11
Let k = 1027 + -961. Calculate the greatest common divisor of k and 10.
2
Suppose -v = -0*v. Let i be (v + 4/12)*6. Suppose -5*u = -i*u - 48. What is the greatest common factor of 16 and u?
16
Let w = 1388 - 990. Suppose -2*h = 2 - w. Calculate the greatest common divisor of h and 18.
18
Let i = 140 + -97. Let p = 87 + i. Calculate the greatest common factor of p and 52.
26
Let z be 12 - 0 - (0 - -2). Suppose 5*u = -4*n + 2 + 105, 5*u - 41 = -2*n. Let t = -32 + n. What is the highest common factor of z and t?
1
Let c(n) = -2*n**3 + 18*n**2 - 9*n + 16. Let b be c(8). Calculate the highest common divisor of 54 and b.
18
Suppose 35*i - 38*i + 144 = 0. Suppose 3*l - 2*l = -4*n + i, -148 = -2*l + 5*n. Calculate the highest common divisor of l and 32.
32
Let r be 4*410/80*36. Calculate the greatest common divisor of 82 and r.
82
Let l = -7 + 11. Suppose -8 = 4*t - 0, 0 = -l*h - t + 62. Let d = 537 + -409. What is the highest common factor of d and h?
16
Suppose -i - 5*t = -8*t - 24, -20 = -3*i - 4*t. What is the greatest common factor of i and 3?
3
Let d be (-4 + (2 - -1))/(1/38). Let t = d + 54. Calculate the greatest common divisor of 32 and t.
16
Suppose 120640 = 71*n + 45*n. Calculate the highest common divisor of n and 80.
80
Let l = 31 - -41. Let y = l + -69. What is the greatest common divisor of y and 24?
3
Suppose 0 = -3*d + 272 + 1. Suppose 145 = 5*w + 75. What is the greatest common divisor of w and d?
7
Let a = -3318 + 5088. Calculate the highest common factor of a and 59.
59
Let s(o) = -39*o - 559. Let x be s(-17). What is the greate